 Let y(t) = t - 22. Let j = -19 - -39. Let o be y(j). Is g(o) composite?
True
Suppose 9*g - 5 = 10*g. Is -3 - -2 - (-2509 - g) composite?
False
Suppose -8*z = -19*z - 8888. Let t be (0/(-1) - 3/1) + z. Let u = t + 1852. Is u prime?
False
Let m(d) = d**2 + 6*d - 21. Let c be m(-8). Is (-198418)/232*(c + 1) composite?
True
Suppose 7107 = 5*k - 3*h, 0 = 62*k - 65*k + 4*h + 4273. Let u = 2536 - k. Is u composite?
False
Let h(v) = 4025*v - 8571. Is h(38) composite?
False
Let p = 156 - 152. Is 4633*(-3)/3*(-5 + p) composite?
True
Suppose -41*i + 40*i + 14 = 0. Is 4/(-6)*(-767 + i) a composite number?
True
Suppose -149*y = -150*y + 38. Suppose 0 = -y*q + 26*q + 10884. Is q composite?
False
Suppose 0 = 13*y - 11*y. Suppose y = -2*s + 3*r + 970, 3*s - r + 954 = 5*s. Is s composite?
False
Let r(m) be the third derivative of m**4/6 - 41*m**3/6 - 17*m**2. Let w be r(12). Suppose 5*p - 2*d = 4569, -3*p - 3648 = -w*p - 2*d. Is p composite?
True
Let b = -62 + 55. Is b/((-14)/5676) - -5 a prime number?
True
Let j(g) = g**2 - 2*g + 3. Let i be j(2). Suppose -s = -y - 1302, 3*y - 6486 = -2*s - i*s. Is s a prime number?
False
Let j(u) = -739*u - 1459. Is j(-50) a composite number?
False
Suppose -12450 = 10*b - 15*b. Suppose 909 + b = 3*k. Is k a composite number?
True
Suppose 283292 = 506*p - 502*p. Is p composite?
False
Let y(r) = 5050*r - 5. Let x be y(2). Suppose x + 1413 = -4*o. Is 15/(-9)*o/7 prime?
False
Suppose 11*g + 9*g = 22*g. Suppose 5*n - 4*n = g. Suppose n*v = -v + 71. Is v a prime number?
True
Let j be (-9)/6*128/(-48). Suppose -8816 = -0*l - j*l + 4*y, -10990 = -5*l - 5*y. Is l a prime number?
False
Suppose -38 = -16*p - 6. Suppose p*x - 8422 - 1832 = 0. Is x a prime number?
False
Suppose 4*g + 5*z = 167078, -4*z + 41783 = g - 5*z. Is g a prime number?
True
Let f(b) = -29438*b**3 + 8*b**2 + 7*b + 22. Is f(-3) prime?
False
Suppose -2*m - 30*k + 887 = -29*k, 4*k - 4 = 0. Is m composite?
False
Let i(r) = 160*r**2 - 543*r + 71. Is i(-20) a prime number?
False
Let z(l) = -191*l - 909. Is z(-38) composite?
True
Suppose 53*z + t - 1486442 = 48*z, -z - 2*t = -297283. Is z a prime number?
True
Let o(x) be the first derivative of 1212*x**2 + 145*x - 68. Is o(6) a prime number?
False
Suppose -3*o - 21 + 3 = -2*n, -15 = 5*n. Is (20/o)/(6/(-1572)) a prime number?
False
Let h(z) = 11*z**3 + 2*z**2 + 11*z - 51. Let a(v) = v**3 - v**2 + 2*v. Let x(u) = -3*a(u) + h(u). Is x(10) prime?
False
Suppose -5*p - 23591 = -4*j, 30577 = 5*j + 5*p + 1032. Let q be -3098*(4 + -3) + 1. Let m = j + q. Is m composite?
True
Is ((-25)/100)/((-2)/2310808) a composite number?
False
Suppose 25*u = 4887328 + 811347. Is u prime?
True
Let g(n) = -n**2 - 12*n + 15. Let a be g(-13). Let p(v) be the first derivative of 973*v**2 + 7*v - 2. Is p(a) a prime number?
False
Suppose 0 = -2*l - 0*l + 34. Suppose 0 = -4*a + 5*n + l, -3*a + 3*n = -0*a - 9. Is ((-3)/(9/a))/(27/15471) prime?
False
Let j = 131 - 113. Suppose 13*f - j*f + 2485 = 0. Is f a prime number?
False
Is 1123991/(12/(72/6)) a composite number?
True
Suppose -3301600 = -83*i + 1325401. Is i a prime number?
False
Let s(i) = -21*i**3 + i**2 - 2*i - 4. Let z be s(-1). Suppose -5*m = f - 1025 - 1734, -5*f = -z. Is m a composite number?
True
Suppose 0 = -3*u - 6, -48011 = -6*v + 9*v + 4*u. Let b = 28768 + v. Is b a prime number?
False
Let t = -397577 - -792474. Is t a composite number?
False
Let q be (-4 - -3) + (1 - (5 + -7536)). Suppose 3264 = 17*f - q. Is f a prime number?
False
Suppose 42*h = 19*h + 3076687. Is h prime?
True
Let o(p) = p**3 - 39*p**2 + 109*p + 181. Is o(54) composite?
False
Suppose -773505 = -3*k - 3*s, -5*k - 7*s = -11*s - 1289139. Is k a composite number?
True
Let k(y) = 13 - 195*y + 22 + 344*y + 123*y. Is k(12) prime?
True
Suppose -2*h + 6*i - 4*i = -6, -3*i = -5*h + 21. Is (-18)/h*-255 + 6 a prime number?
False
Let z be ((-4)/(-7))/(((-32)/392)/(-2)). Is 55853/z - 3/6 a prime number?
True
Suppose 4*c + 2*h = 42, 4*c = -0*c + 3*h + 37. Is ((-3)/6)/((-1)/37)*c a prime number?
False
Is ((-17)/((-459)/18))/(4/428622) prime?
True
Let p(h) = -h**3 - 29*h**2 + 13*h + 4. Suppose -8*c + 9*c + 31 = 0. Is p(c) prime?
True
Suppose 140481 = -0*a + a - 4*u, 3*a - 421465 = u. Is a prime?
False
Suppose -7*u - 24 = -13*u. Suppose 5*s = 25, x + 3*x - u*s - 2500 = 0. Suppose 0*n - d = -2*n + x, -297 = -n + 5*d. Is n composite?
False
Suppose 0 = -118*c + 7324882 + 2772496. Is c a composite number?
False
Let r(k) = -21*k**3 - 42*k**2 - 93*k - 65. Is r(-27) composite?
False
Suppose -65 = 5*o - 10*o. Let d = o + -9. Suppose d*a - 5*v + 168 = 1197, -4*a = v - 999. Is a a composite number?
False
Let t be 96/216 - (-16)/(-36). Suppose 15*g - 120854 - 6661 = t. Is g prime?
True
Suppose -j + 36 = -7*j. Let n(m) = -4*m**3 + 12*m**2 + 6*m - 13. Let l(y) = 5*y**3 - 12*y**2 - 6*y + 12. Let q(a) = j*n(a) - 5*l(a). Is q(-16) prime?
False
Let r = -21 - -30. Suppose 1 + r = 2*v. Suppose 1174 = -3*u + v*u. Is u composite?
False
Suppose 4*y = 5*a + 21, 3 = -3*y - a + 14. Suppose 5*g - 4*h - 4972 = g, -y*h = 0. Is g a prime number?
False
Let f = -53 + 53. Suppose 37*u - 33*u = g - 279, f = -5*g + 3*u + 1429. Is g a prime number?
False
Let p be (-4 - 2192/(-56)) + 1/(-7). Let v = p - 30. Suppose -v*u - 5 = 0, 0*u = 5*z + 2*u - 4383. Is z prime?
True
Let m = 1 - -2. Suppose -167 + 803 = -2*f - 3*p, -3*f - 954 = -3*p. Is (0 - f/m) + 3 a prime number?
True
Suppose -8*u - 9 = -41. Suppose -3*d - u*q + 3967 = 0, -2*q - 1309 = -d - 6*q. Is d a composite number?
True
Let q be (-47 - -39)*(-1)/2. Suppose -q*d - 4063 = -3*r, 1554 = r + 2*d + 183. Is r a prime number?
True
Let k(a) be the first derivative of -a**3/3 + 25*a**2/2 + 20*a + 45. Let v be k(26). Let p(h) = 14*h**2 + 17*h + 20. Is p(v) a prime number?
False
Let l(h) = 20*h**2 - 5*h - 23. Let d(s) = s**3 - 8*s**2 + 8*s + 4. Let c be d(7). Suppose -3*x = 1 + c. Is l(x) a composite number?
False
Let x(a) be the second derivative of 11*a + 0 - 9/2*a**2 - 100/3*a**3. Is x(-1) prime?
True
Let r be (-6000 + -10)*1/2. Let n = 7169 + r. Suppose 0 = -0*q + 12*q - n. Is q composite?
False
Let r = 3431 + 6106. Suppose -r = -38*x + 79117. Is x a composite number?
False
Suppose 0 = -0*b - 7*b + 14. Suppose -4*f - b*w + 25 = 1, 0 = -2*f + w + 12. Is ((-20612)/f)/(14/(-21)) a composite number?
False
Let w(i) = -i + 3. Let y be w(-10). Suppose -5*s - 18 + y = 0. Is (-3 - 0/(-2)) + (-1850)/s prime?
True
Suppose 2*b - 3*k - 1 = -47, 0 = -2*b - 4*k - 32. Let d = -16 - b. Suppose 0 = -2*c - w - d*w + 323, -5*w = -3*c + 422. Is c a composite number?
False
Let x = 5042 - 7235. Let q be 13/52 - 2/((-16)/(-12114)). Let t = q - x. Is t prime?
False
Let u be 25/30 - 5/6. Suppose u = 5*d - 195018 + 18323. Is d a prime number?
True
Suppose 0 = 120*o - 32*o - 4620088. Is o a composite number?
False
Let l = 72 + -78. Let m be 15/(-6)*(4 + l). Suppose -m*s + 714 + 1891 = 0. Is s composite?
False
Let w(k) be the second derivative of 209*k**4/2 - 2*k**3 - 59*k**2/2 - 194*k. Is w(-4) a prime number?
False
Is (-450)/160*-68132 + (-3)/12 a prime number?
True
Let o be -8 + 5 - (3 + -8). Suppose 1248 = 3*z + 3*v, -4*v = -0*z - o*z + 820. Let j = z - 181. Is j prime?
True
Let b = 15 - 9. Suppose -b = -y + 2. Let a = y - -15. Is a prime?
True
Let h = 219580 - 85083. Is h a prime number?
False
Let p = 72 - 66. Let z(o) = o - 6. Let r be z(p). Suppose r = -47*x + 51*x - 2756. Is x a composite number?
True
Let a = -2723 - -1610. Let u = 2578 + a. Suppose 40*h - 45*h = -u. Is h a prime number?
True
Let j be -3*3*44/(-132). Suppose -4*u + r + 15957 = 0, j*r = -2*u + 7*u - 19948. Is u a prime number?
True
Let x be (((0/4)/(-3))/(-1))/1. Suppose x = -r - 3*r + 2*b + 340, 5*b = 20. Is 1668/27 - (3 - r/27) a prime number?
False
Let z be (6/4)/(8/(122720/3)). Suppose 3*p + 2259 = 5*h - z, 2*p - 9939 = -5*h. Is h prime?
True
Let p(g) = -30142*g + 555. Is p(-4) composite?
False
Suppose -10 = -2*g + 4*l, -2*l = g - 4*g + 11. Suppose 2*f + 4*b = 5*b + 48, 0 = f + g*b - 10. Suppose 3*c = -f + 127. Is c composite?
True
Suppose -2*a = a + 9, 2*i + 7*a = 129785. Is i a composite number?
True
Let p(d) be the first derivative of -1542*d**2 + 5*d + 32. Is p(-2) composite?
False
Let a(t) = -2*t**3 - 50*t**2 - 100*t + 455. Is a(-103) composite?
True
Suppose 0